e factors of 40984597.
23, 1781939
What are the prime factors of 837115159?
151, 179, 30971
List the prime factors of 152577608.
2, 103, 185167
List the prime factors of 2032194945.
3, 5, 11, 127, 96979
List the prime factors of 1490714776.
2, 347, 537001
What are the prime factors of 25128796?
2, 7, 11, 7417
What are the prime factors of 441897654?
2, 3, 11, 6695419
List the prime factors of 5588172.
2, 3, 17, 23, 397
List the prime factors of 69458163.
3, 59, 67, 5857
List the prime factors of 149786994.
2, 3, 7, 19, 23, 8161
List the prime factors of 54392319.
3, 71, 85121
What are the prime factors of 1105937655?
3, 5, 19, 1307, 2969
List the prime factors of 20692710.
2, 3, 5, 19, 12101
List the prime factors of 1635967266.
2, 3, 109, 2501479
List the prime factors of 195280147.
59, 3309833
What are the prime factors of 399953257?
11, 36359387
List the prime factors of 93387455.
5, 7, 2668213
What are the prime factors of 37970259?
3, 83, 109, 1399
List the prime factors of 195824516.
2, 509, 96181
What are the prime factors of 331956537?
3, 11, 103, 127, 769
What are the prime factors of 205843250?
2, 5, 823373
What are the prime factors of 67164380?
2, 5, 73, 179, 257
List the prime factors of 706103576.
2, 83, 1063409
List the prime factors of 28098685.
5, 1367, 4111
List the prime factors of 2087504640.
2, 3, 5, 13, 53, 263
What are the prime factors of 554845815?
3, 5, 4109969
List the prime factors of 29283631.
13, 2252587
What are the prime factors of 3095577077?
5897, 524941
List the prime factors of 5243914149.
3, 131, 13343293
List the prime factors of 2694312379.
11, 8461, 28949
What are the prime factors of 2162507804?
2, 2309, 234139
List the prime factors of 199856992.
2, 863, 7237
What are the prime factors of 832541040?
2, 3, 5, 1156307
What are the prime factors of 421001952?
2, 3, 7, 127, 4933
What are the prime factors of 3181020?
2, 3, 5, 53017
What are the prime factors of 439980367?
439980367
What are the prime factors of 302720876?
2, 41, 659, 2801
What are the prime factors of 960267639?
3, 320089213
What are the prime factors of 6839478751?
7, 139581199
List the prime factors of 817767701.
817767701
What are the prime factors of 124135914?
2, 3, 7, 422231
What are the prime factors of 40987739?
13, 283, 857
What are the prime factors of 4003141467?
3, 13, 23, 4462811
List the prime factors of 112802783.
89, 1267447
What are the prime factors of 2775185330?
2, 5, 277518533
What are the prime factors of 59421509?
7, 79, 107453
List the prime factors of 52917984.
2, 3, 7, 26249
What are the prime factors of 3167724577?
3167724577
What are the prime factors of 2125554582?
2, 3, 354259097
List the prime factors of 723265734.
2, 3, 6701, 17989
What are the prime factors of 254765758?
2, 13, 67, 146249
List the prime factors of 751572778.
2, 11, 19, 1798021
List the prime factors of 1322973416.
2, 165371677
What are the prime factors of 3882868479?
3, 7, 61632833
List the prime factors of 17227202.
2, 137, 62873
List the prime factors of 57160801.
57160801
List the prime factors of 316273420.
2, 5, 29, 101, 5399
List the prime factors of 71921226.
2, 3, 13, 922067
What are the prime factors of 716507274?
2, 3, 7, 2393, 7129
What are the prime factors of 25925327?
25925327
List the prime factors of 3516956.
2, 879239
List the prime factors of 1168665453.
3, 157, 443, 1867
List the prime factors of 7814562.
2, 3, 7, 43, 4327
What are the prime factors of 453349?
13, 43, 811
What are the prime factors of 599371562?
2, 299685781
What are the prime factors of 2845168233?
3, 948389411
List the prime factors of 858992590.
2, 5, 85899259
List the prime factors of 1170922522.
2, 7, 11, 1086199
What are the prime factors of 16356758?
2, 11, 19, 109, 359
What are the prime factors of 637057278?
2, 3, 11, 13, 82499
What are the prime factors of 378837753?
3, 7, 71, 254083
List the prime factors of 1434060895.
5, 41, 61, 114679
What are the prime factors of 598586563?
598586563
List the prime factors of 626125353.
3, 7, 179, 166567
List the prime factors of 5676696.
2, 3, 41, 641
What are the prime factors of 5704962115?
5, 1140992423
List the prime factors of 189545201.
173, 269, 4073
What are the prime factors of 358029431?
23, 233, 66809
What are the prime factors of 7553224405?
5, 1637, 922813
List the prime factors of 84057656.
2, 17, 229, 2699
What are the prime factors of 1574873208?
2, 3, 83, 263533
List the prime factors of 465416722.
2, 3671, 63391
List the prime factors of 3098106167.
13, 238315859
What are the prime factors of 621168869?
283, 787, 2789
What are the prime factors of 40917850?
2, 5, 131, 6247
What are the prime factors of 3509752401?
3, 37, 47, 224251
List the prime factors of 42809365.
5, 29, 295237
What are the prime factors of 34622781?
3, 29, 397963
List the prime factors of 4683395.
5, 936679
List the prime factors of 530015220.
2, 3, 5, 7, 23, 18289
List the prime factors of 2758272628.
2, 689568157
List the prime factors of 1109616757.
1109616757
What are the prime factors of 213047555?
5, 7, 6087073
What are the prime factors of 52313394?
2, 3, 7, 1245557
List the prime factors of 2607515036.
2, 7, 93125537
List the prime factors of 289300866.
2, 3, 17, 31, 91493
What are the prime factors of 484053227?
7, 461, 150001
What are the prime factors of 130707947?
71, 1840957
What are the prime factors of 15692276?
2, 383, 10243
What are the prime factors of 101408877?
3, 547, 20599
What are the prime factors of 2091345189?
3, 641, 1087543
List the prime factors of 87465051.
3, 17, 113, 5059
List the prime factors of 140112145.
5, 151, 1229
What are the prime factors of 9396624?
2, 3, 163, 1201
What are the prime factors of 5389906233?
3, 31, 57955981
What are the prime factors of 5324467221?
3, 419, 811, 1741
What are the prime factors of 7912458455?
5, 11, 29, 103, 48163
What are the prime factors of 3547311033?
3, 7, 168919573
What are the prime factors of 234147163?
53, 89, 49639
What are the prime factors of 224285779?
8171, 27449
What are the prime factors of 32663144?
2, 43, 94951
What are the prime factors of 19216705?
5, 29, 132529
List the prime factors of 71143528.
2, 41, 216901
List the prime factors of 3785265215.
5, 19, 83, 480059
What are the prime factors of 3041765514?
2, 3, 29, 1942379
What are the prime factors of 55107800?
2, 5, 11, 37, 677
List the prime factors of 30727486.
2, 15363743
What are the prime factors of 1859849460?
2, 3, 5, 7, 23, 29, 2213
List the prime factors of 2847936.
2, 3, 7, 13, 163
List the prime factors of 165912907.
165912907
List the prime factors of 7594902.
2, 3, 7, 79, 109
List the prime factors of 1876142331.
3, 7, 43, 10993
What are the prime factors of 5326402697?
7, 11, 61, 103091
What are the prime factors of 20705046?
2, 3, 3450841
What are the prime factors of 8094788252?
2, 547, 3699629
What are the prime factors of 101866921?
13, 7835917
List the prime factors of 2803103778.
2, 3, 4129, 113147
List the prime factors of 133172760.
2, 3, 5, 7, 23, 61, 113
What are the prime factors of 44225356?
2, 7, 877, 1801
What are the prime factors of 99991052?
2, 7, 563, 6343
What are the prime factors of 343696600?
2, 5, 13, 67, 1973
What are the prime factors of 4024213560?
2, 3, 5, 179, 197, 317
List the prime factors of 1638034838.
2, 11, 23, 294293
What are the prime factors of 5202243717?
3, 11, 367, 429547
What are the prime factors of 3752168770?
2, 5, 7, 17, 29, 108727
List the prime factors of 50735784.
2, 3, 11, 17471
What are the prime factors of 2659536702?
2, 3, 241, 307, 1997
List the prime factors of 21183351.
3, 7, 37, 137, 199
What are the prime factors of 3429706377?
3, 257, 439, 10133
List the prime factors of 1830898860.
2, 3, 5, 7, 1361, 3203
List the prime factors of 325387840.
2, 5, 659, 1543
List the prime factors of 582076226.
2, 17, 23, 29, 25667
List the prime factors of 198036416.
2, 773, 4003
What are the prime factors of 2598924196?
2, 11, 19, 131, 1249
What are the prime factors of 376644918?
2, 3, 13, 23, 71, 2957
What are the prime factors of 50340348?
2, 3, 19, 73597
List the prime factors of 215855686.
2, 107927843
List the prime factors of 4381706298.
2, 3, 8689, 84047
List the prime factors of 4785790731.
3, 239, 66747